et b(s) = 2*k(s) + 9*x(s). Let i(f) = 2*f - 3. Suppose 0 = h - 1 - 3. Let n(u) = h*b(u) + i(u). What is n(3)?
-5
Let q(w) = w + 10. Suppose 0*c + 25 = -5*c. What is q(c)?
5
Let v(h) = -h + 4. Let p(y) = -y**3 - 3*y**2 + 3*y - 1. Let n be p(-4). Suppose -3*w + 12 = 2*q + q, 0 = n*q - 12. Determine v(w).
4
Let y(h) = -2*h - 5. Suppose -2 = -2*q - 10. Let d = 8 + q. Suppose -22 + d = 3*m. What is y(m)?
7
Suppose z + 0*z = 0. Let b(o) = o**3 + o**2 + o - 1. Calculate b(z).
-1
Let h = 4 - 4. Suppose h*y = y. Suppose y = 5*m - m. Let f(n) = -n**3 + n**2 + n + 5. Calculate f(m).
5
Let y(f) = f**2 - f. Let c(r) = -2*r**2 + 3*r. Let a be c(2). Let i = a + 22. Let l be 15/i - (-9)/4. Give y(l).
6
Let t = -22 - -17. Let h(c) = c**2 + 2*c + 9. Let l(m) = m**2 + m + 3*m + 8 - 3*m. Let k(v) = t*h(v) + 6*l(v). Give k(4).
3
Let d(l) be the first derivative of -l**4/4 + l**3/3 - l**2/2 - l - 2. Calculate d(2).
-7
Let s(p) = p + 1. Suppose 0 = 2*k + 3*f + 9, 5*f = 2*k - 0*k - 15. Let u be s(k). Let o(q) = 4 + 4*q - 5 - 8*q. Give o(u).
-5
Let d be (2/(-3))/(6/54). Let m(u) = -3*u + 3. Let g(o) = -2*o + 1. Let k(n) = -5*g(n) + 3*m(n). What is k(d)?
-2
Let v be ((-6)/12)/((-3)/(-60)). Let r(g) = g + 6. Determine r(v).
-4
Let v(c) = c**2 + 8*c - 7. Let o be (-375)/40 + (-6)/(-32)*2. Calculate v(o).
2
Let h(z) = -2*z + 6. Let b be ((-12)/(-9))/((-3)/(-9)). Suppose -5*p + 7 = -f, -3*p = -4*f - p + 26. Let j = f - b. Give h(j).
-2
Suppose -5 = 5*f - 0. Let r be 0/(6/(-2)) - f. Let h(m) = m**2 + 2*m - 1. Calculate h(r).
2
Let g(o) = o - 1. Suppose 141 = 2*m + m. Suppose -m = -h - 19. Let c be (h/(-21))/((-1)/(-3)). Calculate g(c).
-5
Let t(v) = v**2 - v - 2. Let o be -2*-1*2 + -1. Suppose -o*g + 10 = 2*p, -5*p - 5 - 20 = -5*g. Let q = g + -6. Give t(q).
4
Let f(n) = 7*n**2 - 3. Let y(h) = -14*h**2 + 7. Let q(p) = -9*f(p) - 4*y(p). Determine q(1).
-8
Let a(k) = -2*k - 2. Let m be a(0). Let t be ((-5)/(-2))/(m/4). Let y(o) = o + 1. Give y(t).
-4
Let m(r) = 3*r - 1. Let i(a) = a. Let x(q) = -2*i(q) + m(q). Give x(4).
3
Let o(q) be the third derivative of q**5/30 - q**3/6 + 6*q**2. Calculate o(2).
7
Let q(h) be the second derivative of -h**5/2 - h**3/6 + h**2/2 + 4*h. What is q(1)?
-10
Let k(x) = 2*x - 8. Let q(z) = -z + 1. Let d(o) = k(o) + 3*q(o). Calculate d(6).
-11
Let j(n) = -4*n**2 - 6*n - 6. Let b be (3 - 0/(-4)) + -4. Let f(r) = r**2 + 1. Let m(c) = b*j(c) - 3*f(c). Give m(-5).
-2
Let c(b) = -b**3 + b**2 + b + 8. Let r be c(0). Let y = r + -12. Let f(o) be the third derivative of o**6/120 + o**5/15 - o**4/24 + o**2. Determine f(y).
4
Let f(p) be the first derivative of 2*p**3/3 - 4*p + 18. Determine f(3).
14
Let w = 6 + -4. Let d(y) be the first derivative of y**4/4 - 2*y**3/3 - y**2 - y - 4. Give d(w).
-5
Let r(a) = a**2 - 35*a + 9 - 4 + 34*a. Determine r(0).
5
Let r(n) = -n**2 - 6*n - 8. Let v(l) = -l**3 + 6*l**2 + l - 2. Let s be v(6). Let m be (-92)/16 + (-1)/s. Calculate r(m).
-8
Let i(v) be the first derivative of -v**4/4 - 7*v**3/3 - 2*v**2 + 4*v + 56. Give i(-5).
-26
Let v(s) = -s + 17. Let d = 68 - 57. What is v(d)?
6
Let p(m) = m**2. Let x(z) = -4*z**2 - 6*z + 5. Let n(t) = 3*p(t) + x(t). Let h = -5 - -4. Let u be h/((-3)/36*-2). What is n(u)?
5
Let i(u) = -2*u**2 + 4*u**2 + u - 4*u + 1. Let f be i(2). Let z(g) be the second derivative of -g**3/6 - 3*g**2/2 + 606*g. What is z(f)?
-6
Let i(n) = 10*n**3 - n**2 + 3. Let h(l) = -3*l**3 - 1. Let b(v) = 7*h(v) + 2*i(v). What is b(-3)?
8
Let v(p) = -6*p**3 + 2*p**2 + 5*p - 4. Suppose m = 4*b + 11, -2*m + b = -2*b - 2. Let u(c) = -c**3 - 1. Let q(d) = m*u(d) + v(d). Calculate q(4).
-11
Let v(h) = h**3 + 3*h**2 - 2*h + 2. Suppose i = -4*i + 15. Suppose 10 = -i*f + 1. Let p = f + -1. Determine v(p).
-6
Let f(c) = -c + 1. Let h be f(-2). Let v(w) = -w**2 + 1 + 2*w + w - 3*w + w**h. Let s(a) = 7*a**3 - 12*a**2 + 4*a + 9. Let d(y) = s(y) - 6*v(y). Give d(5).
-2
Let y(a) be the third derivative of -a**6/360 + a**5/40 + a**4/8 - a**3/6 + 3*a**2. Let d(q) be the first derivative of y(q). What is d(5)?
-7
Let s(z) = 4*z**3 + z**2 - z. Let o be s(1). Let p be (-2)/o - (-28)/(-8). Let m(r) = -2*r - 5. Let y be m(p). Let f(d) = d**2 - d - 1. What is f(y)?
5
Let s(u) be the second derivative of u**4/12 + 2*u**3/3 - 5*u**2/2 - 31*u. Calculate s(-5).
0
Let v(a) = a**2 + a. Let z(p) = 4*p**3 + 5*p**2 + 4*p + 1. Let m(b) = -5*v(b) + z(b). What is m(1)?
4
Let g(x) = -9*x**3 + 3*x**2 + 3*x + 11. Let t(r) = -5*r**3 + 2*r**2 + 2*r + 6. Let n(m) = 6*g(m) - 11*t(m). Give n(4).
-16
Let s(r) be the second derivative of -5/12*r**4 + 3/2*r**2 + 0 + 1/20*r**5 + 5/6*r**3 + 5*r. What is s(4)?
7
Suppose 0 = 2*w - 0*w. Suppose 4*b + b = w. Let k(f) = b - 3 + 0*f + f. Give k(0).
-3
Let r be (3 - 1)*6/4. Let s(w) = 1 - 2 - 1 + 8*w + r. Calculate s(1).
9
Let a(r) = r**3 - 6*r**2 + 4*r + 6. Suppose -11 = 3*w - 26. Give a(w).
1
Let q(u) = u**3 - 5*u**2 + 3*u - 1. Suppose 307*g - 2 = 306*g. Calculate q(g).
-7
Let w(k) be the second derivative of -k**3/3 - 5*k**2/2 - k. Let o(c) = -3*c - 9. Let h(v) = -3*o(v) + 5*w(v). Determine h(3).
-1
Let j(c) = -c**3 - 5*c**2 + 5*c. Suppose l + l + 12 = 0. Give j(l).
6
Let r(k) = 2*k + 7. Suppose 0 = p + 3*p - 12. Suppose -p*j - 7 - 8 = 0. Give r(j).
-3
Let f(p) = -5*p**3 - p**2 + 1. Suppose 7 = -5*i + 2. Give f(i).
5
Let w(u) = -7*u**3 - 10*u**2 + 11*u - 3. Let i(m) = 6*m**3 + 9*m**2 - 10*m + 3. Let o be 18*(1 - (-8)/(-12)). Let t(s) = o*i(s) + 5*w(s). Calculate t(-5).
3
Let o(l) = l**2 + 4*l - 16. Let g be o(-7). Let m(a) = 6 + g*a**2 + a - 6*a**2 + a**3 - 2*a**3. What is m(0)?
6
Let a = -3 + 4. Let t(z) = 1. Let b(g) = g - 6. Let c(j) = a*b(j) - t(j). What is c(6)?
-1
Let c(q) be the second derivative of -q**5/20 - q**4/2 - 2*q**3/3 + q**2/2 - 5*q. Let b be (-45)/(-105) - (-76)/(-14). Calculate c(b).
-4
Let m be ((-4)/32)/(3/(-24)). Let q be m + -2 - (2 + -3). Let g(h) be the third derivative of -h**4/24 - 4*h**3/3 - h**2. Give g(q).
-8
Suppose -24 = -s + 3*w - 7*w, 2*w = 5*s - 10. Let v(m) = -5*m + 9. Let c(f) = 4*f - 8. Let z(u) = -4*c(u) - 3*v(u). Calculate z(s).
1
Let h be ((-3)/2)/(2/8). Let a(f) = f**2 + 5*f + 4. Calculate a(h).
10
Let q(d) = 5 - 23*d - d**2 - 6 + 17*d. What is q(-6)?
-1
Let r(u) be the third derivative of 1/60*u**5 + 0*u**4 - 2*u**2 + 0 - 2/3*u**3 + 0*u. Let y(o) be the first derivative of r(o). Calculate y(-3).
-6
Suppose 9 = -0*t - 2*t + 5*y, 2*y - 8 = 3*t. Let m(b) be the second derivative of -b**3/3 - b**2/2 + 19*b. Determine m(t).
3
Suppose -4*b = r - 4, 0 = 2*r - b - 0 + 1. Let d(f) = r + f**2 + 1 - 6*f + f. Let n(i) = 2*i**2 - 2*i - 1. Let t be n(2). Calculate d(t).
-5
Suppose -3*f = -7 + 1. Let t(b) = -9*b**2 - f + 3*b**2 + 5*b**2 + 5*b. Determine t(3).
4
Let n(p) = -p**2 - 13*p - 18. Let l be n(-12). Let i(o) = o**2 + 5*o - 6. What is i(l)?
0
Suppose -n + 7 - 12 = 0. Let h(o) = 2*o**2 + 5*o - 1. Determine h(n).
24
Let h(m) = 3*m**3 + 6*m**2 + 4. Let x(v) = 2*v**2 + 1. Let b(i) = h(i) - 3*x(i). Give b(1).
4
Let r be 3*(0 - (-4)/3). Let m(f) = f + 5 - r + 2. Determine m(-4).
-1
Let s(x) = 6*x - 5. Let n(b) = 6*b - 6. Let z(h) = 2*n(h) - 3*s(h). Give z(2).
-9
Let x(k) be the third derivative of -k**7/2520 + k**6/360 + k**4/12 + 3*k**2. Let r(h) be the second derivative of x(h). Determine r(3).
-3
Suppose -29 = 4*z - 5*z. Let s(q) = -2*q**2 - 5*q + q**2 + z - 28. Give s(-4).
5
Suppose 0 = 6*m - 3*m - 3. Let f be (-5)/(3 + -3 - m). Let y(d) = -6 - 4*d**3 + f*d - 3*d + d + 3*d**3 - 4*d**2. Give y(-5).
4
Let u = -4 + 7. Let c(v) = -7 - v**3 + 11 + 0*v + 2*v**2 + 0*v. What is c(u)?
-5
Let w(l) = 14*l**3 + 2*l**2 + l - 15. Let y(k) = 5*k**3 + k**2 - 5. Let o(i) = -6*w(i) + 17*y(i). What is o(-6)?
5
Let t(z) be the second derivative of z**5/20 - z**4/3 - z**3/6 - z**2/2 - 12*z. Determine t(4).
-5
Suppose -6*l = -7*l - 1. Let i(n) = 12*n**2 + n - 13*n**2 + 7*n**2 + 1. What is i(l)?
6
Let i be (-90)/(-40) - (-1)/(-4). Let u(n) = -1 - 3*n**2 + i*n + 2*n - 2*n + n**2. Let w = -3 + 4. Determine u(w).
-1
Let k(l) = -l - 4. Let z be k(-3). Let v be (-9)/(-3) + z + 0. Let j(q) = 2*q - 4*q - q**v - 6 + q. Calculate j(0).
-6
Suppose 5*i = -15, 2*x - 5*i + 0*i = 21. Let h(l) = 4*l - 2*l**3 - 4 + 5*l**2 + l**x + 2*l**3. What is h(-4)?
-4
Let q be 1*(-1)/((-1)/(-2)). Let c(v) = v + 1. Let i(x) = 